{"id":113,"date":"2016-04-25T20:41:38","date_gmt":"2016-04-25T18:41:38","guid":{"rendered":"http:\/\/k65.damxdesign.de\/?page_id=113"},"modified":"2016-04-26T17:50:24","modified_gmt":"2016-04-26T15:50:24","slug":"hall-of-fame","status":"publish","type":"page","link":"https:\/\/www.celler-mixed-cup.de\/?page_id=113","title":{"rendered":"Hall of Fame"},"content":{"rendered":"<p class=\"lead\">Ehre, wem Ehre geb\u00fchrt! Die Gewinner und Finalisten des Turnieres erfahren an dieser Stelle ihre verdiente W\u00fcrdigung! Weitere Bilder der Sieger der B- und C-Konkurrenz sowie Gruppen- und Teamfotos findet ihr dar\u00fcber hinaus in der jeweiligen Jahresgalerie.<\/p>\n<hr \/>\n<h3>Hall of Fame<\/h3>\n","protected":false},"excerpt":{"rendered":"<p>Ehre, wem Ehre geb\u00fchrt! Die Gewinner und Finalisten des Turnieres erfahren an dieser Stelle ihre verdiente W\u00fcrdigung! Weitere Bilder der Sieger der B- und C-Konkurrenz sowie Gruppen- und Teamfotos findet [&hellip;]<\/p>\n","protected":false},"author":1,"featured_media":0,"parent":0,"menu_order":0,"comment_status":"closed","ping_status":"closed","template":"page-pagebuilder.php","meta":{"footnotes":""},"aioseo_notices":[],"_links":{"self":[{"href":"https:\/\/www.celler-mixed-cup.de\/index.php?rest_route=\/wp\/v2\/pages\/113"}],"collection":[{"href":"https:\/\/www.celler-mixed-cup.de\/index.php?rest_route=\/wp\/v2\/pages"}],"about":[{"href":"https:\/\/www.celler-mixed-cup.de\/index.php?rest_route=\/wp\/v2\/types\/page"}],"author":[{"embeddable":true,"href":"https:\/\/www.celler-mixed-cup.de\/index.php?rest_route=\/wp\/v2\/users\/1"}],"replies":[{"embeddable":true,"href":"https:\/\/www.celler-mixed-cup.de\/index.php?rest_route=%2Fwp%2Fv2%2Fcomments&post=113"}],"version-history":[{"count":8,"href":"https:\/\/www.celler-mixed-cup.de\/index.php?rest_route=\/wp\/v2\/pages\/113\/revisions"}],"predecessor-version":[{"id":1592,"href":"https:\/\/www.celler-mixed-cup.de\/index.php?rest_route=\/wp\/v2\/pages\/113\/revisions\/1592"}],"wp:attachment":[{"href":"https:\/\/www.celler-mixed-cup.de\/index.php?rest_route=%2Fwp%2Fv2%2Fmedia&parent=113"}],"curies":[{"name":"wp","href":"https:\/\/api.w.org\/{rel}","templated":true}]}}